 - 9. Let f(m) = -m**3 + m**2 + m. Let d(n) = 5*f(n) - p(n). Calculate the remainder when 26 is divided by d(0).
8
Let h = 2 + -5. Let l(y) = 7*y**2 - 4*y + 4. Let d(v) = 6*v**2 - 3*v + 4. Let k(n) = 6*d(n) - 5*l(n). Calculate the remainder when k(h) is divided by 3.
1
Let n(w) = -w - 2. Let o be n(-6). Suppose 0 = o*u - 8 - 100. What is the remainder when u is divided by 7?
6
Let y(v) = -v**2 - 7*v + 4. What is the remainder when 24 is divided by y(-5)?
10
Let d(y) = 5*y + 48. Let h = 30 - 16. What is the remainder when h is divided by d(-8)?
6
Let z(n) be the first derivative of -n**2/2 + 18*n + 2. Let k(p) = p + 4. Let o be k(5). What is the remainder when 25 is divided by z(o)?
7
Let t(q) = -3 + 1 - 8*q - 2*q - 6*q. Calculate the remainder when t(-4) is divided by 21.
20
Suppose 2*x - 7 = -5*g + 14, -x - 2*g + 8 = 0. Let w be (22 + 0/x)*2. Let f = w + -14. Calculate the remainder when f is divided by 8.
6
Let l = -4 + 6. Let u(r) = -r**3 + 3*r**2 - 2*r + 3. Suppose -5*b + 12 = -d, d - 20 = -0*b - 3*b. Calculate the remainder when d is divided by u(l).
2
What is the remainder when (4/8)/((-3)/(-324)) is divided by 28?
26
Let a(d) = -d**2 - 4*d + 7. Let h be a(-5). Suppose -i + h*c = -16, 5*c - c + 20 = i. What is the remainder when 23 is divided by i?
11
What is the remainder when 10 is divided by (189/(-6))/(-7)*4/6?
1
Suppose -2*f + 4*f - 10 = 0. Let t = -5 + f. Suppose t*m = -2*m + 116. Calculate the remainder when m is divided by 20.
18
Let y(i) = 2*i**2 - 3*i - 2. Calculate the remainder when 64 is divided by y(5).
31
Suppose 125 - 5 = 4*j. Let m = 3 - -5. Calculate the remainder when j is divided by m.
6
Let f(o) = o**2 - 5*o + 4. Let k be f(5). Suppose 5*b = k*b + 19. Calculate the remainder when b is divided by 7.
5
Suppose -43 = 2*a + 153. Let x = -69 - a. Suppose 3*v = t + 27, t - 14 = -v + 3*t. What is the remainder when x is divided by v?
5
Let g = -144 + 151. Calculate the remainder when 2*6*10/6 is divided by g.
6
Let n(h) = -h**2 - h + 26. Let g(a) = a**2 + 6*a + 9. What is the remainder when n(0) is divided by g(-6)?
8
Suppose 6*a = 4*a + 8. Suppose -2*w = -a*t - 134, -78 = -4*w - 3*t + 190. What is the remainder when w is divided by 17?
16
Let h be 1*(-51)/(-3) + -1. Suppose 2*y - h = -2*y. Suppose c + 52 = 4*o, 2*o + 3*c - y*c = 28. What is the remainder when 22 is divided by o?
10
Let f = 8 + -4. What is the remainder when f is divided by 3?
1
Suppose -6*k + 5*k = -3*l - 18, -3*l + 81 = 2*k. Suppose 2*j - j - k = -2*f, 5*f - 65 = j. Calculate the remainder when f is divided by 4.
2
Let l(j) = -j**2 + 6*j - 1. Calculate the remainder when 2 + -4*44/(-16) is divided by l(4).
6
Suppose u + 34 = 3*u. Let w = -12 + u. Calculate the remainder when 13 is divided by w.
3
Suppose 0 = -10*n + 8*n + 16. Calculate the remainder when 22 is divided by n.
6
Let n(c) = 3*c**2 - 3*c + 1. Let o be n(3). Let t = 6 - 3. Suppose -q = -o + t. Calculate the remainder when q is divided by 9.
7
Let n be (-56)/24 + (-2)/3. What is the remainder when -1 - (-3)/(n/(-28)) is divided by 15?
12
Suppose -5*x - 5*q = -45, 0*x + 6 = 2*x - q. What is the remainder when 44 is divided by x?
4
Suppose 2*v = -v - 99. Let m = 56 - v. What is the remainder when m is divided by 23?
20
Let h = -7 - -11. Let j(o) = -o**3 + 4*o**2 + 3*o - 4. What is the remainder when 14 is divided by j(h)?
6
Let u = -2 + 2. Suppose -a = -u*a - 4. What is the remainder when 10 is divided by a?
2
Suppose 0 = -5*a - y + 8, -2*y - 12 = -3*a + y. Calculate the remainder when -2*3/a + 20 is divided by 5.
2
Suppose 0*l - l = 2*m - 58, -4*l = -4*m - 208. What is the remainder when l is divided by 28?
26
Let k = 23 + -18. Let f be 2*2/((-8)/(-46)). Suppose f = 3*v + k. What is the remainder when 11 is divided by v?
5
Suppose 2*f = 187 - 25. Calculate the remainder when f is divided by 21.
18
Suppose -6*u + 3*u = -18. What is the remainder when 22 is divided by u?
4
Let l = 120 + -33. Suppose -5*t + s = 3*s - 148, 3*t + 3*s - l = 0. What is the remainder when 57 is divided by t?
27
Let o = -20 + 32. What is the remainder when 23 is divided by o?
11
Let v(m) = -m**2 + 11*m - 14. What is the remainder when v(4) is divided by 3?
2
Suppose -2*b - 4 = -5*n, -2*b + 20 = n - 0*n. Calculate the remainder when 23 is divided by b.
7
Let w = -21 + 25. What is the remainder when w is divided by 2?
0
Let i(x) = x**2 + 3*x + 6. What is the remainder when 1 - 3/1 - -48 is divided by i(-5)?
14
Let v = -36 - -55. Let q = -15 + 25. Calculate the remainder when v is divided by q.
9
Suppose -8501 + 2371 = -5*z. Let q be (6/(-12))/((-1)/z). Calculate the remainder when 6/(-39) + q/13 is divided by 12.
11
Let z = 38 + 1. Calculate the remainder when z is divided by 21.
18
Let v = -21 - -36. Let g = -8 + v. What is the remainder when g is divided by 6/(-4) - (-44)/8?
3
Let k be 1 + -3*3/(-1). Suppose 10 = -4*b - k. Let u = -3 - b. What is the remainder when 2 is divided by u?
0
Let z(a) = -a**3 - 20*a**2 - 2*a - 21. Suppose 2*f - 18 = -4. Calculate the remainder when z(-20) is divided by f.
5
Suppose -a = 3*a - 2*w + 10, -1 = a + w. What is the remainder when (3/a)/((-21)/476) is divided by 18?
16
What is the remainder when (48/(-28))/(2/(-21)) is divided by 11?
7
Suppose -834 = -4*m - 186. Let g = -82 + m. What is the remainder when (9/6)/(6/g) is divided by 11?
9
Suppose -3*g + 24 = -k - 0*g, -4*g = -8. What is the remainder when 31 is divided by (8/(-3))/(6/k)?
7
Suppose -2*w + 0*w = -24. Suppose -9*t + 4*t + 35 = 0. What is the remainder when w is divided by t?
5
Suppose 4*r + 5*z - 44 + 11 = 0, -4*r + 5*z + 23 = 0. Suppose -35 = -5*v - 4*y, -2*y = 2*v - r*y - 14. What is the remainder when 13 is divided by v?
6
Let u = 2 - 0. Let y = 25 + -13. Suppose -2*o = o - y, -2*c - 5*o + 24 = 0. Calculate the remainder when u is divided by c.
0
Suppose 3*t = -0*t + 342. Calculate the remainder when t is divided by 39.
36
Let l = 86 - 5. What is the remainder when l is divided by 14?
11
Let o = 61 - 37. Calculate the remainder when 45 is divided by o.
21
Suppose 4*j - 28 = -4*n, -19 = -2*n - 2*j + j. Suppose 4*c = 2*a + 4, -c + 0 = -a + 1. Suppose -a*w + 45 = 17. Calculate the remainder when n is divided by w.
5
Suppose 0 = -4*u - 5*g + 256 + 125, -5*u + 5*g + 465 = 0. Calculate the remainder when u is divided by 14.
10
Suppose 5*w - 49 = -2*u, -4*w - 12 = -u - 59. Let j = -19 - -40. What is the remainder when j is divided by w?
10
Let w be 0 - (1 + -1)/(-1). Let z(i) = -i**3 - i**2 + i. Let n be z(-2). Suppose -3*q + n + 13 = w. What is the remainder when 8 is divided by q?
3
Let m(t) = t**3 - 4*t**2 - 3*t - 5. Let c be m(5). What is the remainder when 32 is divided by (1 + 0)/(c/85)?
15
What is the remainder when 81*3*1/9 is divided by 7?
6
Let d(o) = -3*o**3 - 2*o**2 - 2*o. Let v(k) = -k**2 - 6*k + 2. What is the remainder when d(-2) is divided by v(-5)?
6
Suppose 40 = -4*x - 20. Let a = -10 - x. Calculate the remainder when 9 is divided by a.
4
Suppose -2*v + 0*v = 0. Suppose -4*g - 46 + 18 = v. Let b = g + 14. Calculate the remainder when b is divided by 4.
3
Suppose x - 5*x = 3*d - 97, 4*x + 5*d = 87. Suppose -6*l - 1 = -5*l. Calculate the remainder when x is divided by 2 + l - -2*7.
13
Let j(h) = h**2 - 1. Let i(f) = 2*f**2 - 7*f - 7. Let l(q) = -i(q) + 3*j(q). What is the remainder when 46 is divided by l(-8)?
10
Let u = 15 + 6. Let l = -13 + u. Suppose z - 4*d = 15, -4*d + 0*d + 15 = z. Calculate the remainder when z is divided by l.
7
Let k(z) = 7*z + 3*z**2 - z - 3*z + 1 + 0 - 6*z**3. Calculate the remainder when k(-2) is divided by 14.
13
Suppose 3 + 12 = 5*b. Suppose b*i - 60 = -2*i. Calculate the remainder when 21 is divided by i.
9
Suppose -3*o = 2*h + 3, 0*h - 12 = -3*h + o. Suppose 82 = -5*c + h*x - 50, -x - 68 = 3*c. What is the remainder when c/10*100/(-6) is divided by 14?
12
Suppose 0*n = -g - 5*n - 71, -n = 1. Calculate the remainder when (16/(-12))/(4/g) is divided by 6.
4
Suppose 2*r - 12 = 4*b, -4*b + b - 23 = -5*r. Suppose 2*h - 22 = u, 0*h - u = h - 8. What is the remainder when h is divided by r?
2
Let i(c) = -c**3 - c**2 + 2*c - 3. Let x = 10 + -14. Calculate the remainder when i(x) is divided by 19.
18
Let u(l) = l**3 - 7*l**2 + 5*l + 8. Let o(b) = -b**3 - 11*b**2 - b - 10. Calculate t